= f(v) - 6*m(v). Let u be k(p). What is the highest common factor of 80 and u?
20
Suppose -2*c + 76 - 16 = 0. Let a = 88 - 71. Suppose -3*h + 4 + a = -3*q, 0 = 3*h + 2*q - 16. Calculate the highest common divisor of h and c.
6
Let w be 26444/154 - 5 - (-4)/14. Calculate the highest common divisor of 1336 and w.
167
Suppose -2*k - 8 = -10. Let w be 4/(-10)*(21 - -9). Let v be (-7 - w)*k/2*36. Calculate the highest common factor of 15 and v.
15
Suppose a + 4*a - 2*n - 26203 = 0, a - 5*n - 5259 = 0. What is the greatest common factor of 62 and a?
31
Suppose f + 8 = -g + 38, -g + 34 = 5*f. Let b = 64 + -6. Let s be b/(2 - 5 - -5). Calculate the greatest common divisor of s and g.
29
Let d = 18075 - 17997. Calculate the highest common factor of d and 582.
6
Suppose 72 = 27*j - 28*j. Let a be j/(-3 + -3) - (-2)/(-1). Let w be 170 + 8/a + (-45)/25. Calculate the greatest common divisor of w and 13.
13
Let c be ((-87)/(-21) + -2)/(-10 + 29580/2940). Let s = 29 - 8. What is the greatest common divisor of s and c?
7
Let f(p) be the second derivative of 3*p**5/10 - p**2/2 - 6*p - 24. Let q = -1 - -2. Let r be f(q). Calculate the highest common factor of r and 10.
5
Let g = -108 + 208. Let q = g - 31. Suppose -x + 19 + 23 = -2*s, 2*s - 96 = -2*x. Calculate the highest common divisor of q and x.
23
Suppose 0 = t - 5*t + 32. Suppose -3*n + t = n. Suppose 2*h - 133 = -n*p + 13, 3*h - 141 = -2*p. What is the greatest common divisor of 13 and p?
13
Let m = 1875 + -1870. Suppose 5*q = 1 + 44. Let y(g) = 4*g + 4. Let p be y(q). What is the greatest common factor of m and p?
5
Suppose -3*f - 422 = -2*m - 5, 5*m + f = 1034. Suppose 5*z - 100 = 4*i - 9*i, 4*i - 5*z = 107. Calculate the greatest common divisor of m and i.
23
Let b(y) = 2*y - 12. Let j be b(5). Let h be j/(-1) + 16/8. Suppose 2*d + 0*t = 5*t + 41, 53 = 5*d + h*t. Calculate the greatest common divisor of d and 13.
13
Suppose 967*a - 289478 = 319732. Let o(k) = 2*k**2 - 2. Let z be o(-6). What is the greatest common divisor of a and z?
70
Let v = 65 - 25. Suppose 2 = 5*a - 3*a + 4*d, 0 = 5*d. Let t be 8 - (0 + 1 - a). What is the greatest common factor of t and v?
8
Let h be (-2)/8 - (-65)/4. Let v(g) = 21*g**2 - 152*g - 300. Let x be v(-2). Calculate the highest common divisor of x and h.
8
Suppose -781048 + 3107064 = 154*c. What is the highest common divisor of 32 and c?
32
Let m(z) = -z**2 - 50*z - 151. Let o be m(-46). Suppose 8349 = 7*v + 4*v. Calculate the greatest common divisor of o and v.
33
Let w = -56 - -60. Let a(q) be the third derivative of -q**5/60 - q**4/4 + q**3 - 7*q**2. Let k be a(-6). What is the highest common factor of k and w?
2
Suppose 17*p - 8121 - 7288 = -1469. Calculate the greatest common divisor of 246 and p.
82
Suppose -160 = -2*g - 2*g. Let r be 96/(-8)*((-26)/(-8) + 2). Let x be -3*(-7)/r*-30. What is the highest common factor of g and x?
10
Suppose 4*a + 17 = 21, 5*n = 2*a + 1503. What is the highest common factor of n and 172?
43
Let d be 4/42 - ((-2644)/21 - 2). Suppose -d = -3*o + 148. What is the highest common divisor of o and 138?
46
Let i be 597*(4 - 98/21). Let r = i + 438. Calculate the greatest common factor of r and 45.
5
Let p(a) = -5*a**2 + 195*a - 35. Let b be p(37). What is the highest common divisor of 1072 and b?
67
Let u be (-43 - -3)/((-61)/(-6) + -11). Suppose -6*f + 576 = -2*f. What is the highest common factor of u and f?
48
Let p(d) = 4*d + 4. Let s be p(2). Let a(t) = -8*t + 4 + s + 3*t - t. Let w be a(0). Calculate the highest common factor of 16 and w.
16
Let w(x) = 5*x - 3. Let a be w(5). Let u be 205 - -2 - ((-8)/(-36) + 1501/171). Calculate the greatest common divisor of a and u.
22
Let p = -1002 + 1134. Suppose 191 = 2*u + 3*w, 2*u - 4*w + 372 = 6*u. What is the greatest common factor of p and u?
44
Let u(w) = -29*w**3 - 928*w**2 - w + 12. Let l be u(-32). Suppose -77 = 2*s - 3*s. What is the greatest common factor of l and s?
11
Suppose 2*u = 3*g + 7*u - 2059, 4*g - 4*u - 2756 = 0. Suppose 35 = b - 4*t, -4*b - 5*t + 211 = 29. What is the highest common factor of g and b?
43
Let f be (2045/2454)/(1/6). Calculate the greatest common divisor of f and 512.
1
Suppose -3*i + 10 = -5*c, -6*c - 6 = i - 3*c. Suppose -6*m + 797 + 115 = i. Calculate the highest common factor of m and 24.
8
Let m = 529 - 200. Let z = -270 + m. Calculate the greatest common factor of 177 and z.
59
Let w(b) = b + 30 + 83*b**2 - 82*b**2 + 6. Let l be w(-5). What is the greatest common divisor of 16 and l?
8
Suppose -3*o - 54 + 18 = 0. Let x be ((-405)/(-108))/((-1)/o). Calculate the greatest common factor of 9 and x.
9
Let d(v) be the first derivative of -5*v**4/4 - v**3/3 - 6. Let f be d(-1). Let m be -2 + 1 + (f - -285). What is the greatest common factor of 36 and m?
36
Let u(d) = d**2 + 68*d**3 - 11 - 5*d + 14*d - 3. Let j be u(2). Calculate the greatest common factor of 48 and j.
24
Let r = -140 - -141. Let x be ((-2)/(-3))/((-2)/(-51)*r). What is the greatest common factor of x and 68?
17
Let s = 13302 + -13267. What is the highest common divisor of 5 and s?
5
Suppose x + 215 = 62. Let t = x - -189. Suppose 0 = -8*p + 4*p + 36. What is the highest common factor of p and t?
9
Suppose 5*c - 425 = -12*c. Suppose c*g - 443 = 257. Calculate the highest common divisor of g and 4.
4
Let b(i) = 4994*i**2 - 132*i + 379. Let t be b(3). Calculate the greatest common factor of t and 251.
251
Let m(g) = 5*g**2 - 75*g - 269. Let k be m(-16). What is the greatest common divisor of k and 268?
67
Suppose 233*m = 236*m - 75. Suppose 0 = -m*t + 1688 + 3537. What is the greatest common divisor of t and 19?
19
Let q = -5312 + 5392. Calculate the highest common divisor of q and 3920.
80
Let x = 67 - 115. Let d = 53 + x. Suppose -29 - 141 = -d*i. Calculate the greatest common factor of i and 136.
34
Let k = 15319 - 15270. Calculate the highest common divisor of 15533 and k.
49
Let i be (2 - -11)*(2 + -1). Let f(h) = -2*h**3 - 18*h**2 - 16*h + 16. Let o be f(-8). Suppose 42 = o*g - i*g. What is the highest common factor of 154 and g?
14
Suppose 0 = -3*p - 2*c + 336, -27*p + 27*p = 5*c. Calculate the highest common divisor of p and 192.
16
Suppose 1039 = -2*z + 5*z + v, 0 = -4*z + v + 1397. Let h = z + -92. What is the greatest common divisor of 32 and h?
32
Let k = 8 - 3. Suppose -2*s = 2*a + 4, k*s + 0*s = 4*a + 35. Suppose -4*o + 7*o = -3*w + 18, 4*w - 4*o - 72 = 0. Calculate the highest common factor of s and w.
3
Let i be (24/16*4/10)/(1/1395). What is the greatest common factor of i and 124?
31
Suppose 2*d - 28 = 20. Let x be 1/(-4) + 1782/d. Suppose 0 = -10*u + 563 - 193. What is the highest common factor of u and x?
37
Suppose -c + 1 = 3. Let b be 3 + 3/(3/(-1 + c)). Suppose 4*o - 38 = 2*o + g, b = -4*o + 4*g + 72. What is the highest common divisor of 30 and o?
10
Let b = -6870 + 16810. Calculate the greatest common factor of 20 and b.
20
Suppose -5*z + 2*v = 4*v - 6, 2*z + 3*v = -2. Suppose 7*d - 12*d + 25 = 5*o, 4*d - 2*o - z = 0. What is the greatest common divisor of d and 22?
2
Let r(a) = 455*a + 2747. Let b be r(-6). What is the highest common factor of 6613 and b?
17
Let s(d) = -7*d + 6. Suppose 4*c - 5*g + 44 = 0, 5*c - 4*g + 7 = -39. Let f be s(c). Suppose f = 2*z + z. What is the highest common divisor of 48 and z?
16
Suppose 177*o + 178*o + 54120 = 359*o. Calculate the highest common factor of 123 and o.
123
Suppose 0 = 292*g - 95819 - 2546197. Calculate the highest common divisor of 120 and g.
24
Suppose -7*l = -3*l - 56. Let g(n) = -3*n - 3 + 3*n + 70 + n + 0*n. Let t be g(45). What is the greatest common factor of l and t?
14
Let m(j) = -155*j**3 + 7*j**2 + 19*j + 2. Let h = -405 + 403. Let w be m(h). Calculate the greatest common factor of 77 and w.
77
Let a(x) = x**3 + 11*x**2 - 11*x - 233. Let z be a(-9). Calculate the greatest common factor of 532 and z.
28
Suppose -231*t + 6 = -229*t. Suppose t*s - 123 = -0*s + 3*h, 3*s - 119 = 4*h. What is the highest common divisor of 18 and s?
9
Suppose 123*z - 128*z - 60 = 0. Let m(t) = 2*t**2 + 18*t - 22. Let i be m(z). Calculate the greatest common divisor of 150 and i.
50
Let w = -79 - -85. Suppose 3*d - 26 = -h + w*d, 0 = -d + 5. Suppose -46*v = -h*v - 60. What is the highest common factor of v and 60?
12
Let a = -9